pose -49*f - 1071 = 10885. Let a = f - -1407. Is a a prime number?
True
Suppose 79*v = 153*v - 76*v + 96898. Is v composite?
False
Let l(q) be the second derivative of 53*q**3/3 - 23*q**2/2 + 9*q. Suppose 27*v - 5*f + 30 = 32*v, -3*f = 4*v - 25. Is l(v) prime?
True
Let n = 256 - 251. Suppose -4*q = 5*z - 303, -n*q - 90 = -5*z + 195. Is z a composite number?
False
Let t = 75396 + -39786. Suppose -3*l = 7377 - t. Is l a prime number?
False
Is (-10)/90 - (128/80)/((-18)/404450) composite?
False
Let x(p) be the second derivative of 28*p**3/3 + 23*p**2/2 - 53*p. Is x(10) a composite number?
True
Let g(s) = s**3 + 5*s - 16. Let b be g(2). Suppose b*j + 3*h - 27805 = 9288, -5*j = 5*h - 92720. Is j a prime number?
True
Suppose 2*k + 1 = 5. Suppose 0 = -k*i + 18 - 6. Suppose 199 = i*f - 491. Is f a composite number?
True
Let f(t) = 21*t**2 - 481*t + 17. Is f(-23) a prime number?
True
Let l(q) = 2*q**2 + 0*q**2 - 52*q**3 + 74*q**3 - q. Suppose -p = -0*p - 1. Is l(p) a composite number?
False
Suppose d + d - 12 = 0. Let m be (6/4)/((-16)/(-32)). Suppose -m*b - 2*r + 43 = 0, 2*b = -d*r + 2*r + 26. Is b a composite number?
True
Is ((6/(-4))/((-150)/580))/(5/19925) a composite number?
True
Suppose -37770 - 29651 = -19*y - 20947. Is y composite?
True
Let q(s) be the first derivative of 937*s**3/3 + 11*s**2/2 - 67*s + 35. Is q(4) a prime number?
True
Let z(c) = 388*c + 63. Suppose 12*v - 13*v + 10 = 0. Is z(v) composite?
False
Is (-4)/(-5)*(-3179790)/(-108) a prime number?
False
Let d = 21 - 18. Let u(p) = -6*p**2 + 5 + p**2 + 2*p**2 - 4 + 411*p**d. Is u(1) composite?
False
Suppose -14*n + 6 = -8*n. Let f be (-10)/(-30) - n/3. Suppose f = 4*y + 2*a - 6352, 0 = -y + 5*a - 739 + 2338. Is y composite?
True
Suppose -27*l - 4*c = -22*l - 437315, -4*c + 262389 = 3*l. Is l a prime number?
False
Suppose 436 = -21*i + 58. Is -1 - 14/i - (-1724724)/324 a prime number?
True
Let z be 1 + 3 + ((-38)/(-6) - (-91)/(-273)). Let w(q) be the first derivative of 5*q**3/3 + q**2 + 21*q - 1. Is w(z) composite?
False
Is 2/(-4)*6 + 28122 + (-12)/6 composite?
True
Suppose 7*t + 2*g = 11*t - 38710, 4*t = -5*g + 38703. Is t composite?
False
Suppose -113493207 = 167*h - 459662330. Is h prime?
True
Let w(o) be the third derivative of o**6/120 + o**5/60 + 5*o**3/6 + 18*o**2. Let x be w(0). Suppose -12 + 2 = x*n, -5*n = -2*g + 848. Is g composite?
False
Let y = -173743 + 382052. Is y prime?
True
Let b(s) = 145*s**2 + 28*s + 583. Is b(-16) a prime number?
False
Suppose 4*a = -5*x + 8*x - 617109, 0 = 4*x - 3*a - 822812. Is x a composite number?
False
Let p be (-3 - (-1 + 0))*7. Let h be ((-8)/p)/((-2)/(-7)). Suppose h*q - 5*q = 3*i - 297, 3*i = 3*q + 273. Is i prime?
False
Suppose 8 = 33*h - 35*h. Let b be -12 + (2 - (-8)/h). Is (17/3)/((-2)/b) composite?
True
Suppose -36 + 12 = 6*j. Let u(n) = 360*n**2 + 10*n + 17. Is u(j) prime?
True
Let l(q) = q**2 - q - 1. Let n(u) = -u + 1. Let r(v) = l(v) + 3*n(v). Let c be r(5). Is -74*(-4)/(c - -1) a composite number?
False
Suppose 0 = -100*g + 99*g + 27. Is 92961/g + 1*6 composite?
False
Suppose 0 = 4*u - 13546 + 1502. Is u prime?
True
Let r be -2*(-4 + 2905*(-52)/8). Suppose 94510 = 5*y - 3*v, 0*v - r = -2*y - 5*v. Is y prime?
True
Let n(w) = -469*w**2 + 8*w + 33. Let y be n(-3). Let j = -2269 - y. Is j a prime number?
False
Suppose 0 = -228*a + 250*a - 1340878. Is a a prime number?
False
Let j = 1815 - 1222. Suppose 5*i = 2232 + j. Is i prime?
False
Let d = 1 + 0. Suppose -64244*q + 64223*q = -1319220. Is q/54 + d/(-3) prime?
True
Suppose -2*n - 5*l - 4 + 0 = 0, -4*n - 8 = 2*l. Let r = 666 - 4582. Is (r/(-8))/(n/(-4)) composite?
True
Let x = -5692 + 14003. Is x composite?
False
Let g be -3*23 + -4 + (4 - 3). Is 14132/5*(7 - g/(-16)) composite?
True
Is (0 - (-5 + 4 - 3)) + 453918 + 13 a composite number?
True
Let v(q) = -q**3 + 10*q**2 + 13*q - 75. Suppose 4*r - 2*w = -4*w - 66, 32 = -2*r - 2*w. Is v(r) prime?
True
Let t(w) = -w**3 - 2*w**2 + 5*w - 23. Let n be (-3)/12*-1 + 270/(-24). Let j be t(n). Suppose 2*i + 4*g = 2618, 4*g + j - 7586 = -5*i. Is i a composite number?
False
Let o be (2 - (-2)/8*34)*-2. Let j be 4/14 - 43065/o. Suppose 0*x + j = 7*x. Is x a composite number?
False
Suppose q = 127*i - 123*i - 121155, 90866 = 3*i - q. Is i a composite number?
True
Let p(x) = 22*x**2 - 34*x + 551. Is p(53) composite?
True
Let h = -250 + 249. Let x(r) = -6805*r**3 - 4*r**2. Is x(h) a prime number?
False
Let u(m) = 673*m - 1. Let p(l) = 1346*l - 3. Let b(h) = -3*p(h) + 5*u(h). Suppose -148*v + 158*v = -10. Is b(v) a composite number?
False
Let l(a) = 988*a**2 + 49*a + 133. Is l(-10) prime?
True
Let f(d) = 316*d**2 + 522 - 217*d + 529 - 1040. Is f(10) composite?
True
Let b = 24 + -22. Let o be 2866*(78/60 + b/10). Let s = o + 752. Is s a prime number?
True
Let w(y) = 348*y**2 + 18*y - 21. Let s be w(6). Suppose -31484 = -11*j + s. Is j composite?
True
Suppose 4*f = -81 - 51. Suppose -4*g + 5*k + 764 = 0, 31*k = 2*g + 33*k - 400. Let x = g + f. Is x prime?
True
Suppose p = -0*p + 3276. Suppose 19*x = 5708 + 83079. Let y = x - p. Is y prime?
False
Is (-400137 + 10 + 1)/((-32)/48) a composite number?
True
Let s = -124 - -320. Let l = s + -85. Is l a prime number?
False
Let k(h) = 4*h - 11. Let s be k(5). Let l be (-6)/(-8)*84/s. Suppose -3345 = -l*z + 4*z. Is z a composite number?
True
Suppose -6 = -8*g - 86. Let q be (6/4)/((-3)/g). Suppose 2*c + 37 = 3*c + 2*n, q*n + 111 = 3*c. Is c composite?
False
Suppose 2*k - 2*j = -20, 0 = -12*k + 11*k - 2*j - 16. Is (k/6)/((-12)/8166) composite?
False
Suppose -4*h - 13 = g - 6, 0 = -4*g - 2*h - 14. Let s(x) = 508*x - 3. Let z(i) = 488*i - 2. Let p(j) = 3*s(j) - 4*z(j). Is p(g) composite?
False
Let q = -965684 - -1388422. Is q prime?
False
Let n = -136 - 64. Let w(k) = -51*k**3 + 2*k - 5. Let z be w(2). Let l = n - z. Is l a composite number?
True
Suppose -52*z = -79*z - 363798. Let u = -7961 - z. Is u prime?
False
Let y = 129037 - -552508. Is y prime?
False
Suppose 0 = -11*q + 1083867 + 590146. Is q prime?
True
Is (-17)/374*0 - (2 - 115765) a composite number?
False
Let b = -17 + 24. Let o(a) = -516 - 525 - 523 + 1572 + 57*a. Is o(b) prime?
False
Let a be 225/63 + (-9)/(-21). Suppose 5*m + 4*n = 8, 0*m + 2*n - 10 = -a*m. Is (154 - -2) + (m - 5) + 2 a prime number?
True
Let p(u) be the third derivative of 887*u**5/60 + 22*u**2. Let k be p(-1). Suppose -12*t + k = -11*t. Is t a prime number?
True
Let i be (-17 - -8)/(-9) - -9. Let l(m) = 105*m - 113. Is l(i) a composite number?
False
Let v be (5 + 118)*44/6. Suppose -13*y + v = -1295. Is y prime?
False
Let u be (-64)/96*(-4)/((-8)/6). Is (-53501)/(-14) - u/(-4) a composite number?
False
Let f(w) = -3*w**3 + 190*w**2 + 323*w - 37. Is f(63) a composite number?
False
Let j(f) = -3*f - 49. Let x be j(-18). Suppose -7*h = -3*t - x*h + 4551, 5*t - 7585 = -h. Is t a prime number?
False
Suppose 4 = h - 10. Suppose 36858 = -8*p + h*p. Is p composite?
False
Let i = -147 + 159. Suppose 7446 = i*a - 36246. Is a a prime number?
False
Is (-23183 - (15 - 12))*(-2)/4 a composite number?
False
Let s be (-52)/20 - 4/10. Is s/6*(-4144)/8 composite?
True
Suppose 0 = -j + 4*c - 8*c + 35, 2*j + 3*c - 50 = 0. Let n be (-48 - -3)/((-6)/4). Let s = n - j. Is s a composite number?
False
Suppose 4*y - 2 = -14, 5*l = -4*y + 2593. Suppose h = 3384 - l. Is h prime?
False
Is ((-6)/15)/(14/(-385980)*4) composite?
True
Let y(a) = -55*a**2 + 27*a - 28. Let c be y(11). Let x = c + 10563. Is x composite?
False
Let k(m) = -6448*m - 57. Let n be k(-4). Suppose 2*t = -3*t + n. Is t composite?
False
Suppose 2*v = -a - 5, -a - v - 10 = -3*a. Suppose 11 = 6*r - 13. Suppose -a*q + r*t = -0*q - 1583, -2681 = -5*q - 4*t. Is q composite?
True
Let b(y) = -y**2 + 7*y + 21. Let i be b(9). Let d be -3 + (i/(-7))/(1/(-7)). Suppose d = -5*m + 3*o + 8300, -2*m = -m - o - 1662. Is m prime?
True
Suppose -45*o + 33*o = -2292. Let u = o - -1068. Is u a prime number?
True
Suppose -3*z + 3*o = -24, 0 = 5*z - 3*z + 2*o + 4. Let q = 49 + -48. Is (z - 8)/(1*q/(-29)) prime?
False
Let h = 40 + -19. Let t = h + -15. Suppose 3438 + 336 = t*r. Is r composite?
True
Let h = -73 + 109. Let s = h - 36. Suppose -7*c = -s*c - 19061. Is c a prime number?
False
Let f = 354 + -349. Suppose f*n - 55061 = -2*c, -5*c + 112299 = 3*n - 25